{"id":117,"date":"2023-02-06T08:40:32","date_gmt":"2023-02-06T08:40:32","guid":{"rendered":"https:\/\/helmutpatzer.it9cloud.ch\/?page_id=117"},"modified":"2025-10-25T15:03:05","modified_gmt":"2025-10-25T15:03:05","slug":"glaube","status":"publish","type":"page","link":"https:\/\/www.logotherapie-bodensee.ch\/?page_id=117","title":{"rendered":"Glaube"},"content":{"rendered":"\n<p class=\"has-medium-font-size\"><strong>Der unbewusste Gott<\/strong><\/p>\n\n\n\n<p>\u201e Mag nun die Religion f\u00fcr die Logotherapie auch noch so sehr \u201enur\u201c ein Gegenstand sein, so liegt sie ihr doch zumindest sehr am Herzen, und zwar aus einem einfachen Grund: Im Zusammenhang mit Logotherapie meint Logos:&nbsp;<strong> &#8220;Sinn&#8221;.<\/strong><\/p>\n\n\n\n<p>Tats\u00e4chlich geht menschliches Dasein immer schon \u00fcber sich hinaus, weist es immer schon auf einen Sinn hin\u201c. (<strong> Frankl,<\/strong> Der unbewusste Gott ).<\/p>\n\n\n\n<p><strong>Frankl <\/strong>formuliert \u2013 <strong>wie Karl Jaspers <\/strong>&#8211; ein pers\u00f6nliches, philosophisches, nicht konfessionell gebundenes Bekenntnis, das durch seine innere Logik und Konsequenz besonders glaubw\u00fcrdig erscheint, es aber gerade dem freien, existentiellen Nachvollzug jedes Einzelnen \u00fcberantwortet, es zu teilen oder nicht. Gerade dadurch nimmt es die Individualit\u00e4t und Eigenst\u00e4ndigkeit jeder Person unbedingt ernst.<strong> &#8220;Die Anthropologie<\/strong> als Wesenslehre des Menschen\u00a0 habe es sich zu Versagen, den Menschen vom Menschen her restlos verstehen zu wollen, sondern sie m\u00fcsse offen bleiben \u2013 offen auf Welt und auf \u00dcberwelt hin; sie muss die T\u00fcr zur Transzendenz offen halten\u201c. (<strong> Frankl,<\/strong> Anthropologische Grundlagen )<\/p>\n\n\n\n<p><\/p>\n\n\n\n<p style=\"font-size:17px\"><strong>Sehr ausf\u00fchrlich<\/strong> zu diesem interessanten Thema hat sich auch <strong>Pierre Teilhard de Chardin <\/strong>im Walter &#8211; Verlag Olten und Freiburg im Breisgau in der Studienausgabe <strong>&#8220;Die Zukunft des Menschen&#8221;<\/strong> befasst. N\u00e4here Angaben finden Sie auch bei <strong>&#8220;Angebote&#8221;<\/strong>, dann zu <strong>&#8220;P\u00e4dagogik&#8221;<\/strong>, wirklich interessant und ausf\u00fchrlich verst\u00e4ndlich geschrieben.<\/p>\n\n\n\n<p><\/p>\n\n\n\n<p><\/p>\n\n\n\n<p><\/p>\n\n\n\n<p style=\"font-size:17px\"><\/p>\n\n\n\n<p><\/p>\n","protected":false},"excerpt":{"rendered":"<p>Der unbewusste Gott \u201e Mag nun die Religion f\u00fcr die Logotherapie auch noch so sehr \u201enur\u201c ein Gegenstand sein, so liegt sie ihr doch zumindest sehr am Herzen, und zwar aus einem einfachen Grund: Im Zusammenhang mit Logotherapie meint Logos:&nbsp; &#8220;Sinn&#8221;. Tats\u00e4chlich geht menschliches Dasein immer schon \u00fcber sich hinaus, weist es immer schon auf&hellip;&nbsp;<a href=\"https:\/\/www.logotherapie-bodensee.ch\/?page_id=117\" class=\"\" rel=\"bookmark\">Weiterlesen &raquo;<span class=\"screen-reader-text\">Glaube<\/span><\/a><\/p>\n","protected":false},"author":1,"featured_media":0,"parent":98,"menu_order":0,"comment_status":"closed","ping_status":"closed","template":"","meta":{"neve_meta_sidebar":"","neve_meta_container":"","neve_meta_enable_content_width":"","neve_meta_content_width":0,"neve_meta_title_alignment":"","neve_meta_author_avatar":"","neve_post_elements_order":"","neve_meta_disable_header":"","neve_meta_disable_footer":"","neve_meta_disable_title":"","footnotes":""},"class_list":["post-117","page","type-page","status-publish","hentry"],"_links":{"self":[{"href":"https:\/\/www.logotherapie-bodensee.ch\/index.php?rest_route=\/wp\/v2\/pages\/117","targetHints":{"allow":["GET"]}}],"collection":[{"href":"https:\/\/www.logotherapie-bodensee.ch\/index.php?rest_route=\/wp\/v2\/pages"}],"about":[{"href":"https:\/\/www.logotherapie-bodensee.ch\/index.php?rest_route=\/wp\/v2\/types\/page"}],"author":[{"embeddable":true,"href":"https:\/\/www.logotherapie-bodensee.ch\/index.php?rest_route=\/wp\/v2\/users\/1"}],"replies":[{"embeddable":true,"href":"https:\/\/www.logotherapie-bodensee.ch\/index.php?rest_route=%2Fwp%2Fv2%2Fcomments&post=117"}],"version-history":[{"count":7,"href":"https:\/\/www.logotherapie-bodensee.ch\/index.php?rest_route=\/wp\/v2\/pages\/117\/revisions"}],"predecessor-version":[{"id":1617,"href":"https:\/\/www.logotherapie-bodensee.ch\/index.php?rest_route=\/wp\/v2\/pages\/117\/revisions\/1617"}],"up":[{"embeddable":true,"href":"https:\/\/www.logotherapie-bodensee.ch\/index.php?rest_route=\/wp\/v2\/pages\/98"}],"wp:attachment":[{"href":"https:\/\/www.logotherapie-bodensee.ch\/index.php?rest_route=%2Fwp%2Fv2%2Fmedia&parent=117"}],"curies":[{"name":"wp","href":"https:\/\/api.w.org\/{rel}","templated":true}]}}

<p class="has-medium-font-size"><strong>Der unbewusste Gott</strong></p>



<p>„ Mag nun die Religion für die Logotherapie auch noch so sehr „nur“ ein Gegenstand sein, so liegt sie ihr doch zumindest sehr am Herzen, und zwar aus einem einfachen Grund: Im Zusammenhang mit Logotherapie meint Logos:&nbsp;<strong> &#8220;Sinn&#8221;.</strong></p>



<p>Tatsächlich geht menschliches Dasein immer schon über sich hinaus, weist es immer schon auf einen Sinn hin“. (<strong> Frankl,</strong> Der unbewusste Gott ).</p>



<p><strong>Frankl </strong>formuliert – <strong>wie Karl Jaspers </strong>&#8211; ein persönliches, philosophisches, nicht konfessionell gebundenes Bekenntnis, das durch seine innere Logik und Konsequenz besonders glaubwürdig erscheint, es aber gerade dem freien, existentiellen Nachvollzug jedes Einzelnen überantwortet, es zu teilen oder nicht. Gerade dadurch nimmt es die Individualität und Eigenständigkeit jeder Person unbedingt ernst.<strong> &#8220;Die Anthropologie</strong> als Wesenslehre des Menschen  habe es sich zu Versagen, den Menschen vom Menschen her restlos verstehen zu wollen, sondern sie müsse offen bleiben – offen auf Welt und auf Überwelt hin; sie muss die Tür zur Transzendenz offen halten“. (<strong> Frankl,</strong> Anthropologische Grundlagen )</p>



<p></p>



<p style="font-size:17px"><strong>Sehr ausführlich</strong> zu diesem interessanten Thema hat sich auch <strong>Pierre Teilhard de Chardin </strong>im Walter &#8211; Verlag Olten und Freiburg im Breisgau in der Studienausgabe <strong>&#8220;Die Zukunft des Menschen&#8221;</strong> befasst. Nähere Angaben finden Sie auch bei <strong>&#8220;Angebote&#8221;</strong>, dann zu <strong>&#8220;Pädagogik&#8221;</strong>, wirklich interessant und ausführlich verständlich geschrieben.</p>



<p></p>



<p></p>



<p></p>



<p style="font-size:17px"></p>



<p></p>

<p>Der unbewusste Gott „ Mag nun die Religion für die Logotherapie auch noch so sehr „nur“ ein Gegenstand sein, so liegt sie ihr doch zumindest sehr am Herzen, und zwar aus einem einfachen Grund: Im Zusammenhang mit Logotherapie meint Logos:&nbsp; &#8220;Sinn&#8221;. Tatsächlich geht menschliches Dasein immer schon über sich hinaus, weist es immer schon auf&hellip;&nbsp;<a href="https://www.logotherapie-bodensee.ch/?page_id=117" class="" rel="bookmark">Weiterlesen &raquo;<span class="screen-reader-text">Glaube</span></a></p>
