{"id":86,"date":"2023-02-06T11:50:26","date_gmt":"2023-02-06T11:50:26","guid":{"rendered":"https:\/\/helmutpatzer.it9cloud.ch\/?page_id=86"},"modified":"2024-07-24T13:42:41","modified_gmt":"2024-07-24T13:42:41","slug":"was-ist-existenzanalyse","status":"publish","type":"page","link":"https:\/\/www.logotherapie-bodensee.ch\/?page_id=86","title":{"rendered":"Was ist Existenzanalyse\u00a0"},"content":{"rendered":"\n<p>Von Prof. Dr. Viktor E. Frankl aus \u201e Der Wille zum Sinn \u201e Seite 113 aus: \u201e Zehn Thesen \u00fcber die Person\u201c Verlag Hans Huber,<strong> ISBN<\/strong>&nbsp; 3-456-81165-9<\/p>\n\n\n\n<p class=\"has-large-font-size\"><strong>Die Person ist existentiell<\/strong><\/p>\n\n\n\n<p>\u201eDamit ist gesagt, dass sie nicht faktisch ist, nicht der Faktizit\u00e4t angeh\u00f6rt. Der Mensch ist als Person kein faktisches, sondern ein fakultatives Wesen; er existiert als je seine eigene M\u00f6glichkeit, f\u00fcr oder gegen die er sich entscheiden kann.\u201c<\/p>\n\n\n\n<p>\u201eMensch &#8211; sein ist, wie ich selbst es immer wieder bezeichne, zutiefst und zuletzt Verantwortlich \u2013 sein.\u201c<\/p>\n\n\n\n<p>\u201eIn der Verantwortlichkeit ist das WOZU der menschlichen Freiheit mitgegeben \u2013 dass, wozu der Mensch frei ist \u2013 wof\u00fcr oder wogegen er sich entscheidet.\u201c<\/p>\n\n\n\n<p>\u201eIm Gegensatz zur psychoanalytischen Sichtweise ist sie in existentieller Optik:&nbsp; <strong>nicht luststrebig, sondern wertstrebig =<\/strong> auf menschliche Werte hin orientiert.\u201c<\/p>\n\n\n\n<blockquote class=\"wp-block-quote is-layout-flow wp-block-quote-is-layout-flow\">\n<p><strong>Zehn Thesen \u00fcber die Person<\/strong><\/p>\n<cite><strong>Auf Seite 108 beschreibt Frankl&nbsp; \u201e Zehn Thesen \u00fcber die Person \u201e <\/strong>&nbsp;( siehe )&nbsp; auch in Philosophie der Existenz<\/cite><\/blockquote>\n\n\n\n<p>Wir alle verf\u00fcgen \u00fcber Kr\u00e4fte, derer sich nur wenige von uns bewusst sind. Es sind dies die Kr\u00e4fte des Geistes. Durch die Nutzung der inneren St\u00e4rke und der Macht der Vorstellungskraft gelingt es Menschen, sich den \u00e4usseren negativen Einfl\u00fcssen zu widersetzen. Die innere Einstellung, die Hoffnung und Entschlossenheit, der Wille zur Ver\u00e4nderung sind die geistigen Kr\u00e4fte in uns, welche uns bereits mit der Geburt geschenkt werden.<\/p>\n\n\n\n<p>Diese geistigen Kr\u00e4fte beeinflussen unseren K\u00f6rper mit dem Immunsystem, unsere Psyche mit allen Empfindungen und Gef\u00fchlen. Darum ist es so wichtig, dass wir den ganzen Menschen mit offenen Augen wahrnehmen.<\/p>\n\n\n\n<p>Als Halt und Unterst\u00fctzung jedes einzelnen Menschen bieten sich vor allem ethische Werte an, die jedoch durch den jeweiligen gesellschaftlichen Zeitgeist in Frage gestellt werden, was dann zur Verunsicherung vor allem bei der Jugend f\u00fchren kann.<\/p>\n\n\n\n<p class=\"has-medium-font-size\"><strong>Aus diesem Grunde beschreibe ich das Franklsche Gedankengut so ausf\u00fchrlich, um es einer breiteren \u00d6ffentlichkeit bekannt zu machen.<\/strong><\/p>\n\n\n\n<p><\/p>\n\n\n\n<p><\/p>\n\n\n\n<hr class=\"wp-block-separator has-alpha-channel-opacity\"\/>\n\n\n\n<p style=\"font-size:25px\"><strong>Zuk\u00fcnftige Herausforderungen mit Hilfe der Logotherapie: per Online<\/strong><\/p>\n\n\n\n<p>Liebe Mitglieder<\/p>\n\n\n\n<p>Das <a href=\"http:\/\/www.franklzentrum.org\">VIKTOR FRANKL ZENTRUM WIEN<\/a>&nbsp;  stellt Euch erneut einen kostenlosen Vortrag zur Verf\u00fcgung (s. u.). Dieser ist Teil der Reihe&nbsp;<a href=\"https:\/\/www.franklzentrum.org\/home.html\">Sommer mit Sinn<\/a>, die jedes Jahr Beitr\u00e4ge von spannenden Referentinnen und Referenten bereith\u00e4lt.<\/p>\n\n\n\n<p>Am 26. September 2024 feiert das VFZ ein rundes Jubil\u00e4um: Der Vorverkauf f\u00fcr den&nbsp;<a href=\"https:\/\/www.franklzentrum.org\/zentrum\/programm.html?k=25\">Festakt zum 20-j\u00e4hrigen Bestehen<\/a>&nbsp;ist gestartet. Klickt die Links f\u00fcr weitere Informationen an.<\/p>\n\n\n\n<p><strong>Wir danken dem Team des VFZ ganz herzlich f\u00fcr sein Wohlwollen, das es uns seit Jahren entgegenbringt.<\/strong><\/p>\n\n\n\n<p><strong><em>Gerne lassen wir Gerhard Breitwieser vom VFZ im Folgenden zu Wort kommen:<\/em><\/strong><\/p>\n\n\n\n<p>Sehr geehrte Damen und Herren, liebe Mitglieder der Schweizerischen Gesellschaft f\u00fcr Logotherapie und Existenzanalyse,<\/p>\n\n\n\n<p>gerne m\u00f6chten wir Ihnen wieder einen frei zug\u00e4nglichen Online-Vortrag aus dem&nbsp;&nbsp;<a href=\"http:\/\/www.franklzentrum.org\">VIKTOR FRANKL ZENTRUM WIEN<\/a>&nbsp;zukommen lassen.&nbsp;<\/p>\n\n\n\n<p><strong>In diesem Jahr zeigt\u00a0Dr. Brigitte Ettl,<\/strong> ihres Zeichens u. a. Lehrbeauftragte f\u00fcr Logotherapie an der Donau-Universit\u00e4t Krems, im Online-Vortrag &#8220;<a href=\"https:\/\/www.franklzentrum.org\/zentrum\/programm\/termin\/2813\/sommer-mit-sinn-2-trotz-allem-vertrauen.html\">Trotz allem: Vertrauen<\/a>&#8221; praxisbezogen auf, wie die Lehre Frankls uns helfen kann, mit Mut und Zuversicht unser Vertrauen f\u00fcr ein gelingendes Lebens zu st\u00e4rken. <a href=\"https:\/\/vimeo.com\/988789369?share=copy\">https:\/\/vimeo.com\/988789369?share=copy<\/a> . Dieser Link ist nur ein unentgeltlicher Ausschnitt. Der Link f\u00fcr den kostenpflichtigen gesamten Vortrag finden unterhalb vom Photo von Dr. Brigitte Ettl.<\/p>\n\n\n<div class=\"wp-block-image\">\n<figure class=\"aligncenter size-full\"><img loading=\"lazy\" decoding=\"async\" width=\"110\" height=\"150\" src=\"https:\/\/www.logotherapie-bodensee.ch\/wp-content\/uploads\/2024\/07\/frnakl_frau-1.jpg\" alt=\"\" class=\"wp-image-1031\"\/><\/figure>\n<\/div>\n\n\n<p><a href=\"https:\/\/www.franklzentrum.org\/zentrum\/programm\/termin\/2813\/sommer-mit-sinn-2-trotz-allem-vertrauen.html\">Trotz allem: Vertrauen! &#8211; Wie gelingt das Ja zu mir, dir und dem Rest der Welt?<\/a><br><strong>Online-Premiere von\u00a0<em>Dr. Brigitte Ettl. <\/em><\/strong>\u00a0Unsichere Zeiten brauchen \u201eHaltegriffe\u201c: Einstellungen, \u00dcberlegungen, die mir bewusst machen, dass ich (mit-)gestalten kann und nicht nur als Opfer den Schicksalsm\u00e4chten ausgeliefert bin. Voraussetzung f\u00fcr diese Haltung ist Vertrauen &#8211; in meine eigenen Ressourcen und in die Kompetenz und Zuverl\u00e4ssigkeit anderer Menschen.  Unter diesem Link k\u00f6nnen Sie den gesamten Vortag direkt bestellen.        <a href=\"https:\/\/www.franklzentrum.org\/seminarzentrum\/shop.html\">https:\/\/www.franklzentrum.org\/seminarzentrum\/shop.html<\/a><br><\/p>\n\n\n\n<p>Gerne m\u00f6chte wir Sie ausserdem noch auf unseren Online-Shop aufmerksam machen, wo Sie weitere Online-Vortr\u00e4ge zu unterschiedlichsten Themen aus der Sinn-Lehre Frankls finden:&nbsp; &nbsp;<a href=\"https:\/\/www.franklzentrum.org\/seminarzentrum\/shop.html\">https:\/\/www.franklzentrum.org\/seminarzentrum\/shop.html<\/a><\/p>\n\n\n\n<p>Im Namen des gesamten VIKTOR FRANKL ZENTRUM WIEN Teams m\u00f6chte ich Ihnen wohltuende Sommer-Sonnen-Tage w\u00fcnschen und bedanke mich sehr herzlich beim Vorstand der SGLE f\u00fcr die wundervolle Zusammenarbeit,&nbsp;<\/p>\n\n\n\n<p>liebe Gr\u00fcsse aus der Mariannengasse 1,&nbsp;<\/p>\n\n\n\n<p>Gerhard Breitwieser<\/p>\n\n\n\n<figure class=\"wp-block-table\"><table class=\"has-fixed-layout\"><tbody><tr><td colspan=\"2\"><strong>&nbsp;<\/strong><strong>Mag. Gerhard Breitwieser&nbsp;<\/strong><\/td><\/tr><tr><td colspan=\"2\">\u00d6ffentlichkeitsarbeit&nbsp;<\/td><\/tr><tr><td><img decoding=\"async\" src=\"blob:https:\/\/www.logotherapie-bodensee.ch\/5024ae21-f92d-456c-8218-306fe01efd73\" alt=\"Logo.jpeg\"><\/td><td><strong>VIKTOR FRANKL ZENTRUM WIEN&nbsp;<\/strong> Mariannengasse 1\/13,&nbsp;&nbsp;A-1090 Wien&nbsp; Tel: +43 (0)1 997 1661&nbsp; <a href=\"https:\/\/www.franklzentrum.org\/\">www.franklzentrum.org&nbsp;<\/a><\/td><\/tr><tr><td colspan=\"2\">ZENTRUM B\u00fcrozeiten:&nbsp;&nbsp;&nbsp;&nbsp;&nbsp; Mo Mi Fr&nbsp; 09.00 &#8211; 13.00&nbsp;<\/td><\/tr><tr><td colspan=\"2\">MUSEUM \u00d6ffnungszeiten: Mo Fr Sa 13.00 &#8211; 18.00&nbsp;<\/td><\/tr><\/tbody><\/table><\/figure>\n\n\n\n<p>Zu unserer aktuellen&nbsp;<a href=\"https:\/\/www.franklzentrum.org\/zentrum\/programm.html?k=35\">(Online-)Vortragsreihe<\/a><a href=\"https:\/\/www.franklzentrum.org\/zentrum\/programm.html\"><br><\/a>Wenn Sie unsere Angebote mit Sinn unterst\u00fctzen m\u00f6chten:&nbsp;<a href=\"https:\/\/www.franklzentrum.org\/zentrum\/mitgliedschaft.html\">Formular f\u00fcr f\u00f6rdernde Mitglieder<\/a><\/p>\n\n\n\n<p><img decoding=\"async\" alt=\"PastedGraphic-2.png\" src=\"blob:https:\/\/www.logotherapie-bodensee.ch\/56eb7da1-fb2f-4824-9a32-2dc6dddd58eb\" width=\"280\"><br>Mirjam Christen<br>&nbsp; Paradies 2<br>&nbsp; CH-6206 Neuenkirch<br><br>&nbsp;&nbsp;www.sgle.ch&nbsp;<\/p>\n\n\n\n<p><\/p>\n\n\n\n<p><\/p>\n\n\n\n<div class=\"wp-block-buttons is-content-justification-center is-layout-flex wp-container-core-buttons-is-layout-16018d1d wp-block-buttons-is-layout-flex\">\n<div class=\"wp-block-button\"><a class=\"wp-block-button__link wp-element-button\" href=\"#neve_body\">Nach oben<\/a><\/div>\n<\/div>\n","protected":false},"excerpt":{"rendered":"<p>Von Prof. Dr. Viktor E. Frankl aus \u201e Der Wille zum Sinn \u201e Seite 113 aus: \u201e Zehn Thesen \u00fcber die Person\u201c Verlag Hans Huber, ISBN&nbsp; 3-456-81165-9 Die Person ist existentiell \u201eDamit ist gesagt, dass sie nicht faktisch ist, nicht der Faktizit\u00e4t angeh\u00f6rt. Der Mensch ist als Person kein faktisches, sondern ein fakultatives Wesen; er&hellip;&nbsp;<a href=\"https:\/\/www.logotherapie-bodensee.ch\/?page_id=86\" class=\"\" rel=\"bookmark\">Weiterlesen &raquo;<span class=\"screen-reader-text\">Was ist Existenzanalyse\u00a0<\/span><\/a><\/p>\n","protected":false},"author":1,"featured_media":0,"parent":80,"menu_order":0,"comment_status":"closed","ping_status":"closed","template":"","meta":{"neve_meta_sidebar":"","neve_meta_container":"","neve_meta_enable_content_width":"","neve_meta_content_width":0,"neve_meta_title_alignment":"","neve_meta_author_avatar":"","neve_post_elements_order":"","neve_meta_disable_header":"","neve_meta_disable_footer":"","neve_meta_disable_title":"","footnotes":""},"class_list":["post-86","page","type-page","status-publish","hentry"],"_links":{"self":[{"href":"https:\/\/www.logotherapie-bodensee.ch\/index.php?rest_route=\/wp\/v2\/pages\/86","targetHints":{"allow":["GET"]}}],"collection":[{"href":"https:\/\/www.logotherapie-bodensee.ch\/index.php?rest_route=\/wp\/v2\/pages"}],"about":[{"href":"https:\/\/www.logotherapie-bodensee.ch\/index.php?rest_route=\/wp\/v2\/types\/page"}],"author":[{"embeddable":true,"href":"https:\/\/www.logotherapie-bodensee.ch\/index.php?rest_route=\/wp\/v2\/users\/1"}],"replies":[{"embeddable":true,"href":"https:\/\/www.logotherapie-bodensee.ch\/index.php?rest_route=%2Fwp%2Fv2%2Fcomments&post=86"}],"version-history":[{"count":16,"href":"https:\/\/www.logotherapie-bodensee.ch\/index.php?rest_route=\/wp\/v2\/pages\/86\/revisions"}],"predecessor-version":[{"id":1044,"href":"https:\/\/www.logotherapie-bodensee.ch\/index.php?rest_route=\/wp\/v2\/pages\/86\/revisions\/1044"}],"up":[{"embeddable":true,"href":"https:\/\/www.logotherapie-bodensee.ch\/index.php?rest_route=\/wp\/v2\/pages\/80"}],"wp:attachment":[{"href":"https:\/\/www.logotherapie-bodensee.ch\/index.php?rest_route=%2Fwp%2Fv2%2Fmedia&parent=86"}],"curies":[{"name":"wp","href":"https:\/\/api.w.org\/{rel}","templated":true}]}}