{"id":92,"date":"2023-02-05T10:07:12","date_gmt":"2023-02-05T10:07:12","guid":{"rendered":"https:\/\/helmutpatzer.it9cloud.ch\/?page_id=92"},"modified":"2026-04-12T12:20:25","modified_gmt":"2026-04-12T12:20:25","slug":"interdisziplinaere-fortbildung","status":"publish","type":"page","link":"https:\/\/www.logotherapie-bodensee.ch\/?page_id=92","title":{"rendered":"Interdisziplin\u00e4re Fortbildung"},"content":{"rendered":"\n<p><strong>Die 13. Generalversammlung der Schweizerischen Gesellschaft f\u00fcr Logotherapie und Existenzanalyse vom&nbsp; 28. Oktober 2006 <\/strong>wurde mit einem festlichen Rahmenprogramm zum <strong>70. Geburtstag<\/strong> <strong>von Dr. Giosch Albrecht<\/strong> an seinem Geburtsort Rueun in der Surselva mit \u00fcber hundert Teilnehmern w\u00fcrdig gefeiert. Den Festvortrag hielt Herr <strong>lic. phil. Klaus Galler, <\/strong>Mitglied der Unternehmungsleitung \u201e Malik Zentrum St. Gallen \u201e ein bemerkenswertes <strong>Thema:<\/strong> <strong>\u201e Die Sinn-Dimensionen wirksamer F\u00fchrung\u201c.&nbsp;&nbsp;&nbsp;<\/strong><\/p>\n\n\n\n<p><strong>Hier eine Kurzfassung: <\/strong>Herr Klaus Galler ging der Frage nach, wie F\u00fchrungskr\u00e4fte das spezifische Sinnbed\u00fcrfnis praktisch in den Alltag einbringen und fruchtbar machen. \u201e Viktor E. Frankl hat die Psychotherapie um die Singdimension erg\u00e4nzt. Auch Arbeitswelt und &#8211; Alltag brauchen Sinn. Dem menschlichen Geist muss am Arbeitsplatz \u201e Wertsch\u00e4tzung \u201e einger\u00e4umt werden. Die Logotherapie ist von der bedingungslosen Sinnhaftigkeit des Lebens und der bedingungslosen W\u00fcrde des Menschen \u00fcberzeugt. Wenn dieses Welt- und Menschenbild auf das Arbeitsfeld \u00fcbertragen wird, kann das Berufsleben humanisiert, der Arbeit selbst Sinn abgewonnen&nbsp; und der bedingungslose Wert von Mitarbeitenden, die einmalige Menschen sind, erfahren werden. <strong>F\u00fchrungskr\u00e4fte,<\/strong> die dieses Bewusstsein einbringen, k\u00f6nnen grunds\u00e4tzliche Ver\u00e4nderungen in ihrem beruflichen Umfeld anstossen.<\/p>\n\n\n\n<p><strong>Der Mensch ist es,<\/strong> der seine Einstellung gegen\u00fcber der Arbeit und dem Leben w\u00e4hlt. Wir Menschen w\u00e4hlen, <strong>wie<\/strong> wir auf die Arbeitsumst\u00e4nde reagieren, <strong>wie<\/strong> wir aus Schwierigem das Beste machen, \u201c <strong>also agieren.<\/strong><\/p>\n\n\n\n<p><strong>Der Sinn liegt in dem, was wir f\u00fcr andere tun.<\/strong> Sinn entsteht durch den pers\u00f6nlichen Beitrag f\u00fcr ein grosses, sinnvolles Ganzes. Sinn erfolgt in der Auseinandersetzung mit den Werten in der einzelnen Situation.<\/p>\n\n\n\n<p><strong>Sinnvoll bedeutet auch:<\/strong> es gibt nicht den schlechten Mitarbeiter, nur den, der mit seinen St\u00e4rken nicht am richtigen Ort ist. In unserer Unvollkommenheit liegt der tiefere Sinn, auch einmal f\u00fcr sich die Frage stellen: <strong>&#8220;Was w\u00e4re &#8211; wenn?<\/strong><\/p>\n\n\n\n<p><strong>Sinn ist die innere Werthaltung <\/strong>f\u00fcr das gemeinsame Ziel und nutze die vorhandenen St\u00e4rken. <strong>Sinn ist das &#8211;<\/strong>&nbsp; <strong>Wozu &#8211;<\/strong> das Schicksal kann aber auch das Sprungbrett f\u00fcr etwas Sinnvolles sein, f\u00fcr unsere Freiheit sein &#8211;&nbsp; <strong>Handle <\/strong>&#8211; <strong>die Wirklichkeit zu ver\u00e4ndern.<\/strong><\/p>\n\n\n\n<p><strong>Sinnvoll ist auch,<\/strong> sich auf Weniges und Wesentliches zu konzentrieren, sich von Wesentlichem und Unwesentlichem&nbsp; zu&nbsp; unterscheiden in der Hingabe an die jeweilige Lebensaufgabe.<\/p>\n\n\n\n<p><strong>Vertrauen und Verantwortung <\/strong>als sinnvolle Basis f\u00fcr Alles, im Dienste einer gemeinsamen Sache zu stellen, k\u00f6nnte eine neue Herausforderung sein,&nbsp; begleitet mit einem positiven und konstruktiven Denken.<\/p>\n\n\n\n<p>Die Resultate k\u00f6nnen Sie ins Zentrum stellen, das h\u00e4ngt eng mit dem neu entstandenen Selbstwertgef\u00fchl zusammen, den daraus entstandenen Nutzen nun auch f\u00fcr andere zu erbringen, f\u00fchrt zu sinnvollen Resultaten.<\/p>\n\n\n\n<p><strong>14. Jahrestagung der SGLE<\/strong>, 27. Oktober 2007 im Zunfthaus zu Wirthen, Solothurn,&nbsp; <strong>Dr. Otmar Wiesmeyr,<\/strong> Wien \u201e Viktor Frankls Vision einer zuk\u00fcnftigen sinnzentrierten Psychotherapie als Herausforderung und Aufgabe \u201e. Dr. Othmar Wiesmeyr ist klinischer Psychologe und Gesundheitspsychologe, Psychotherapeut (Existenzanalyse und Logotherapie&nbsp; Supervisor, Ausbildungsleiter des Ausbildungsinstituts f\u00fcr Logotherapie und Existenzanalyse (Abile) in Wels, \u00d6sterreich, Sch\u00fcler von Elisabeth Lukas, Beteiligung an der Vorlesungsreihe mit Uni.-Professor Dr. Viktor E. Frankl am AKH in Wien.<\/p>\n\n\n\n<p><strong>15. Jahrestagung der SGLE, <\/strong>8. November 2008 im Zentrum 66, Hirschengraben 66, Z\u00fcrich mit <strong>Prof. Dr. Daniel Hell,<\/strong> Z\u00fcrich, \u201e Macht Depression Sinn \u201e&nbsp; zur therapeutischen Bedeutung der Sinnfrage \u201e. Prof. Hell kam 1991 mit vielen Visionen f\u00fcr die k\u00fcnftige Psychiatrie als Chefarzt an die Psychiatrische Universit\u00e4tsklinik (PUK) nach Z\u00fcrich. Am 3. Januar 2009 war im Tages-Anzeiger in dem Beitrag von <strong>Paula Lanfranconi<\/strong> \u201e Der Direktor geht, der Seelenarzt wird bleiben\u201c zu lesen: \u201eKeiner pr\u00e4gte die Z\u00fcrcher Psychiatrie in den letzten Jahren wohl so stark wie Daniel Hell.<\/p>\n\n\n\n<p><strong>16. Jahrestagung der SGLE, <\/strong>Samstag, 31. Oktober 2009, 9.45 \u2013 16.45 Uhr, Hotel Hecht, Hauptstrasse 9, Appenzell mit einem Referat von Frau <strong>Prof. Dr. Anna Maria Pircher-Friedrich, Meran, Thema: \u201e<\/strong>Wie werden wir zu Architekten unseres Lebens und Arbeitens?\u201c Sie engagiert sich international mit grossem Erfolg f\u00fcr die Verbindung von Erkenntnissen der Logotherapie mit der Menschen- und Unternehmensf\u00fchrung. Kann die Logotherapie neue Perspektiven er\u00f6ffnen und Wege zu einer lebensdienlicheren Wirtschaft weisen, in der sich Sinn und Leistung miteinander verbinden?<\/p>\n\n\n\n<p><strong>Anna Maria Pircher-Friedrich<\/strong> ist Professorin und Betriebsleiterin f\u00fcr Human Ressource Management und Qualit\u00e4ts- sowie Dienstleistungsmanagement am Management Center Innsbruck und Leiterin des Meraner Instituts im S\u00fcdtirol<strong>.<\/strong> Sie trainiert und coacht F\u00fchrungskr\u00e4fte aus Wirtschaft, Schulen und Krankenh\u00e4usern.<\/p>\n\n\n\n<ol style=\"list-style-type:1\" class=\"wp-block-list\">\n<li><strong>Seniorenmesse im Alterszentrum&nbsp; Kreuzlingen, <\/strong>Samstag und Sonntag den 11. Und 12. September 2010. <strong>41 Aussteller<\/strong> konnten ihre Produkte, Dienstleistungen und Beratungen anbieten. <strong>Stefan Schwarz<\/strong> vom Schweizerischen Institut<strong>, ( I LE) <\/strong>erhielt die Gelegenheit, das Institut und deren Ausbildungsziele und speziell die Angebote der Gerontologie-Module vorzustellen. Der Pr\u00e4sident der Schweizerischen Gesellschaft,<strong> (<\/strong> <strong>SGLE ) Dr. Heinrich Anker<\/strong> und Helmut Patzer stellten sich f\u00fcr die Betreuung des Info- und B\u00fccherstandes zur Verf\u00fcgung. Unser Auftritt fand viel Beachtung und&nbsp; positive R\u00fcckmeldungen. Die Veranstalter meldeten \u00fcber 2 000 interessierte Besucher \/innen, f\u00fcr sie ein Erfolg.<\/li>\n<\/ol>\n\n\n\n<p><strong>17. Jahrestagung der SGLE, <\/strong>Samstag, 6. November 2010, 9.45 \u2013 17.00 Uhr im Zentrum 66, Hirschgraben 66, Z\u00fcrich mit einem Referat von <strong>Frau Dr. phil. et\u00a0 theol. Monika Renz.<\/strong> <strong>Thema:\u00a0 \u201e Was ist gutes<\/strong> <strong>Sterben?<\/strong> Das <strong>Ich<\/strong> stirbt in ein <strong>Du<\/strong> hinein.<strong>\u201c <\/strong>Sie hat nach der Ausbildung zur Primarlehrerin das Studium der p\u00e4dagogischen Psychologie, Psychopathologie und Musiktherapie an der Universit\u00e4t Z\u00fcrich abgeschlossen. Als Zweitstudium w\u00e4hlte sie jenes der Theologie. Ihr Spezialgebiet ist die \u201eWahrnehmung in Grenzzust\u00e4nden\u201c. Seit 1998 leitet Frau Dr. Renz\u00a0 die\u00a0 Psychoonkologie des Kantonsspitals\u00a0 St. Gallen und ist Autorin zahlreicher B\u00fccher, <strong>siehe <\/strong>bei \u201eLebensweisheiten\u201c.<\/p>\n\n\n\n<p>\u201eIn ihrer existentiellen Tiefendimension ist Spiritualit\u00e4t selbst Wahrheit, bisweilen auch unbequeme Wahrheit.\u201c \u201eSpiritualit\u00e4t gibt und sie ist selbst Antwort auf letzte Fragen. Spiritualit\u00e4t ist Gnadengeschehen in der Suche nach dem, was heilt.\u201c<\/p>\n\n\n\n<p><strong>18. Jahrestagung der SGLE, <\/strong>Samstag, 29. Oktober 2011, 9.45 \u2013 17.00 Uhr im kath. Kirchgemeindehaus, Rapperswil-Jona. <strong>Referentin: <\/strong>Frau <strong>Dr. Boglarka Hadinger.<\/strong> <strong>Thema:&nbsp; \u201eMut zum Leben machen\u201c, <\/strong>Pers\u00f6nlichkeitsbildung f\u00fcr Kinder und Jugendliche.\u201c&nbsp; Mit neuen spannenden Gedanken stellte sie f\u00fcnf St\u00fctzpfeiler eines gesunden Selbstwertgef\u00fchls vor:&nbsp; Positive Beziehungen, Kompetenz, Orientierung (Ziele und Werte), Der Wunsch, ein guter Mensch zu sein, Lebensfreude und Lebenslust. Frau Dr. Hadinger ist auch Dozentin am Churer Institut <strong>( ILE )<\/strong>&nbsp; und N\u00fcrnberger Institut, weitere Infos siehe Schweizerisches Institut. <strong>Die Brosch\u00fcre<\/strong> \u201eMut zum Leben machen\u201c gibt es im Verlag Lebenskunst, <strong>ISBN<\/strong>&nbsp; 3-9803664-5-6<\/p>\n\n\n\n<p><strong>2.<\/strong> <strong>Seniorenmesse im Alterszentrum\u00a0 Kreuzlingen, <\/strong>Sa. 8. \u2013 So\u00a0 9.September 2012 mit den\u00a0 \u00d6ffnungszeiten von 10.00 bis 17.00 Uhr an beiden Tagen. Die 50 Aussteller hatten Gelegenheit, sich vorzustellen und mit Fachvortr\u00e4gen bekannt zu machen. Die <strong>SGLE<\/strong> war mit drei Vorstandsmitgliedern repr\u00e4sentativ vertreten. Am Samstag um 14.30 Uhr hielt <strong>Dr. med. Dietmar Max Burger<\/strong> seinen Fachvortrag, Dr. Heinrich Anker, Rosmarie M\u00fchlbacher und Helmut Patzer l\u00f6sten sich am Infostand ab. Das Publikumsinteresse war geringer als vor zwei Jahren und doch fanden wieder interessante Gespr\u00e4che statt.<\/p>\n\n\n\n<ol style=\"list-style-type:1\" class=\"wp-block-list\"><\/ol>\n\n\n\n<p><strong>19. Jahrestagung der SGLE, <\/strong>Samstag, 27. Oktober 2012,&nbsp; 09.30 \u2013 17.30 Uhr im Hotel \u201eAarauerhof\u201c, Bahnhofstrasse 68 in Aarau,&nbsp; <strong>Referent: Pro. Dr. med.<\/strong> <strong>Johannes Bircher,<\/strong><\/p>\n\n\n\n<p><strong>Thema: \u201e<\/strong>Was ist Gesundheit\u201c? Nachmittagsthema: <strong>\u201eLogotherapie und Gesundheit \u2013 der menschliche Geist in Aktion\u201c. <\/strong>Ein Fallbeispiel mit Dr. Heidi Vonwald und Streetworker Peter Schaffenrath, Innsbruck<\/p>\n\n\n\n<p><strong>20. Jahrestagung der SGLE, <\/strong>Teilname am Samstag, 2. November 2013, 09.30 \u2013 17.30 Uhr in Chur, <strong>Thema:<\/strong> \u201eWir brauchen nicht so sehr neue Programme, sondern eine neue Menschlichkeit\u201c, <strong>Referent:<\/strong> <strong>Prof. DDDr. Clemens Sedmak,<\/strong> ( geb. 6. 8. 1971 in Bad Ischl )&nbsp; ist ein \u00f6sterreichischer Philosoph und Theologe und&nbsp; seit 2005 Inhaber des F.D. Maurice Chair am King`s College London, ( Universit\u00e4t London ). Zahlreiche internationale Gastprofessuren. Er leitet das 2005 gegr\u00fcndete Zentrum f\u00fcr Ethik und Armutsforschung im Fachbereich Philosophie der Universit\u00e4t&nbsp; Salzburg und ist seit 2006&nbsp; Pr\u00e4sident der Salzburg Ethik Initiative und seit 2009 vom Internationalen Forschungszentrum&nbsp; f\u00fcr soziale und ethische Fragen <strong>( ifz )<\/strong>. Er promovierte an den Universit\u00e4ten Innsbruck und Linz in Philosophie, Theologie und Sozialtheorie. Anschliessend folgten weitere Studienaufenthalte in Maryknoll (New York) und an der ETH Z\u00fcrich. Im Jahr 1999 habilitierte er an der katholisch-theologischen Privatuniversit\u00e4t Linz in Fundamentaltheologie und ein Jahr sp\u00e4ter an der Universit\u00e4t Innsbruck in Philosophie. Er ist Autor zahlreicher B\u00fccher und Publikationen. Clemens Sedmak ist verheiratet und hat drei Kinder.<\/p>\n\n\n\n<p>F\u00fcr mich war es eine unvergessliche Jubil\u00e4umsveranstaltung, <strong>denn 20 Jahre<\/strong> f\u00fcr unsere Schweizerische Gesellschaft f\u00fcr Logotherapie und Existenzanalyse <strong>( SGLE ) <\/strong>&nbsp;ist keine Selbstverst\u00e4ndlichkeit. Mit diesem zweist\u00fcndigen Referat von <strong>Prof. Clemens Sedmak<\/strong> frei gesprochen ohne jegliche Hilfsmittel,&nbsp; konnten wir gemeinsam \u00fcber eine neue Menschlichkeit nachdenken und mit philosophieren. Sein Vortrag hat mich tief im Herzen ber\u00fchrt und neue Hoffnungen f\u00fcr die Zukunft aufgezeigt. Das Referat wird in voller L\u00e4nge im neun Chratta 2014 vorliegen, Chratta ist die Zeitschrift der <strong>SGLE.<\/strong><\/p>\n\n\n\n<p><strong>21. Jahrestagung der SGLE,<\/strong> Teilname am Samstag, 25. Oktober 2014, 09.00 \u2013 17.00 Uhr im Centrum St. Mangen, St. Gallen, <strong>Thema:<\/strong> \u201eIst Psychotherapie Wahrheitssuche?\u201c Philosophische \u00dcberlegungen zur Sinnfrage im psychotherapeutischen Diskurs.&nbsp; <strong>Referent:<\/strong> <strong>Dr. phil. Reto Parpan, <\/strong>Psychologe, Almens. Seit 2001 ist er am Institut f\u00fcr Logotherapie und Existenzanalyse in Chur als Dozent f\u00fcr Psychologie und Diagnostik.<\/p>\n\n\n\n<p><strong>28. &#8211;&nbsp; 29. M\u00e4rz 2015&nbsp; Teilname  an der Veranstaltung vom Viktor Frankl Institut, Wien<\/strong> \u201e\u2026trotzdem Ja zum Leben sagen\u201c in Dachau. Es war eine Gedenkveranstaltung anl\u00e4sslich des <strong>70.<\/strong> Jahrestages der Befreiung des Konzentrationslagers Dachau und des <strong>110.<\/strong> Geburtstags von Viktor Frankl. Am Samstag den 28.M\u00e4rz waren 450 Personen f\u00fcr die Vortr\u00e4ge von <strong>Prof. Dr. Elisabeth Lukas, Prof. Dr. Uwe B\u00f6schemeyer <\/strong>anwesend. Am Sonntag den 29. M\u00e4rz interessierten sich gut 250 Personen f\u00fcr die Ausf\u00fchrungen von Walter Kohl und Prof. Dr. David Guttmann. Am Nachmittag besuchten wir gemeinsam die KZ-Gedenkst\u00e4tte Dachau mit einer Kranzniederlegung und Totengebet. Aus dem Privatarchiv Viktor Frankls fand die Ausstellungser\u00f6ffnung in der Evangelischen Vers\u00f6hnungskirche statt.&nbsp;<\/p>\n\n\n\n<p><strong>22. Jahrestagung der SGLE, <\/strong>Teilname am Samstag, 24. Oktober 2015, 09.00 \u2013 17.00 Uhr,&nbsp; Evang.- methodistischen Kirchgemeinde Winterthur.&nbsp; einsehbar. <strong>Thema:<\/strong> \u201eLeben verstehen \u2013 Leben bestehen\u201c. <strong>Referent: Prof. Dr. Wolfram Kurz,<\/strong> Leiter des Instituts f\u00fcr Logotherapie und Existenzanalyse, T\u00fcbingen\/Wien.<\/p>\n\n\n\n<p><strong>23. Jahrestagung der SGLE, <\/strong>Teilname am<strong> <\/strong>Samstag, 22. Oktober 2016, 10.00 \u2013 17.00 Uhr, Bethesda Spital, Basel. <strong>Thema:<\/strong>&nbsp; \u201eAufbruch zu neuen Ufern\u201c, Impulse f\u00fcr eine sinnvolle Gestaltung des jungen Alters. <strong>Referentin:<\/strong> Dr. phil. Klara Oberm\u00fcller, Publizistin.&nbsp;<\/p>\n\n\n\n<p><strong>24.&nbsp;Jahrestagung der SGLE, <\/strong>Samstag, 21. Oktober 2017, 9.30 \u2013 17.00 Uhr,&nbsp; im reformierten Kirchgemeindehaus Z\u00fcrich Hottingen. <strong>Thema:<\/strong> \u201eResilienz in Entwicklungsphasen und Musik\u201c, \u201eSch\u00f6pferische Kr\u00e4fte des Menschen in Phasen erh\u00f6hter Verletzlichkeit \u2013 ein Blick in das musikalische Lebenswerk von Johann Sebastian Bach\u201c. <strong>Referent: <\/strong>&nbsp;<strong>Prof. Dr. phil. Dr. h. c. Dipl. Andreas Kruse.<\/strong><\/p>\n\n\n\n<p><strong>19. \u2013 21. M\u00e4rz 2018 <\/strong>&nbsp;beteiligte sich das Schweizerische Institut f\u00fcr Logotherapie und Existenzanalyse <strong>&nbsp;ILE <\/strong>&nbsp;mit einem Infostand an der Bildungsmesse am Hauptbahnhof Z\u00fcrich. Diese Messe ist ganz spezifisch auf die Bekanntmachung von Weiterbildungsangeboten in der Schweiz ausgerichtet.<\/p>\n\n\n\n<p><strong>Samstag, 28. April 2018,<\/strong>&nbsp; 10.00 \u2013 16.00 Uhr,<strong>&nbsp; ILE,<\/strong> Institut f\u00fcr Logotherapie und Existenzanalyse, Freifeldstrasse 27, 7000 Chur&nbsp;&nbsp;&nbsp; \u201e<strong>Institutstag\u201c, <\/strong>Vortrag:&nbsp; <strong>Inge Patsch,<\/strong>&nbsp; Herzenskraft und Denkverm\u00f6gen st\u00e4rken, Logotherapie im Leben sinnvoll und praktisch anwenden.<\/p>\n\n\n\n<p><strong>25. Jahrestagung der SGLE, <\/strong>Teilname am Samstag, 20. Oktober 2018 im Haus Tabea,&nbsp; Horgen ZH. <strong>Thema:&nbsp; \u201e<\/strong>Zeig mir Deine Sch\u00e4tze\u2026\u201c&nbsp;&nbsp; K\u00f6nnen Logotherapie und Spiritual Care voneinander lernen und sich gegenseitig bereichern?&nbsp; <strong>Referentin: <\/strong>&nbsp;<strong>Dr. med. Bettina Jahn.<\/strong><\/p>\n\n\n\n<p><strong>26. Jahrestagung der SGLE, <\/strong>Teilname am Samstag, 26. Oktober 2019 im Haus Tabea, Horgen ZH. Referentin:<strong> Natalie Knapp<\/strong>, Berlin. <strong>Thema:<\/strong> \u201eWarum Zeiten der Unsicherheiten so wertvoll sind\u201c. Die Referentin wird uns u.a. aufzeigen, Umbruchsituationen und Schicksalsschl\u00e4ge nicht m\u00f6glichst&nbsp; bald hinter uns lassen zu wollen, sondern sie auf eine neue Art&nbsp; wertzusch\u00e4tzen.&nbsp;<\/p>\n\n\n\n<p><strong>27. Jahrestagung der SGLE und die Jubil\u00e4umstagung 2020, 25 Jahre ILE musste wegen dem Corona \u2013 Virus&nbsp; abgesagt werden.<\/strong><\/p>\n\n\n\n<p><strong>Neues Datum war der&nbsp; Samstag, 13. November 2021 in Chur, <\/strong>Teilname im Institut f\u00fcr berufliche Weiterbildung (IbW) <strong>H\u00f6here Fachschule S\u00fcdostschweiz. <u>Thema:<\/u> <\/strong>\u201eScham in der Psychotherapie \u2013 eine Hilfe zum Wandel\u201c. <strong><u>Referent: <\/u>Prof. Dr. Daniel Hell.<\/strong> <strong><u>Nachmittagsprogramm:<\/u><\/strong> 25 Jahre<strong> ILE <\/strong>\u2013 Eingetragene Fr\u00fcchte, Berichte von <strong>ILE <\/strong>\u2013 Absolventinnen und Absolventen. Anschliessend fand die Hauptversammlung der<strong> SGLE<\/strong> statt.<\/p>\n\n\n\n<p><strong>Das Institut<\/strong> f\u00fcr Logotherapie und Existenzanalyse <strong>( ILE ) <\/strong>befindet <strong>sich ab Mai 2022<\/strong>&nbsp; im Institut f\u00fcr Berufliche Weiterbildung) ( <strong>ibW<\/strong> ) an der G\u00fcrtelstrasse 48, 7000 Chur, direkt neben dem Bahnhof. N\u00e4here Angaben \u00fcber die Ausbildung, den \u00f6ffentlichen Seminaren und Veranstaltungen finden Sie auf der Webseite des&nbsp; <strong>ILE<\/strong> &nbsp;<strong>Samstag, 07. Mai 2022, <\/strong>09:30 bis 17.00 Uhr, Einladung und Teilname zum Tagesseminar, <strong>Thema:<\/strong> \u201eGlobale Krise und das logotherapeutische Menschenbild\u201c, <strong>Ort: ibw<\/strong> H\u00f6here Fachschule S\u00fcdostschweiz, G\u00fcrtelstrasse&nbsp; 48, 7000 Chur nahe Bahnhof.<\/p>\n\n\n\n<p><strong>Im August 2022 <\/strong>ist der Start des neuen dreistufigen Lehrgangs \u201eSinnzentrierte Beratung nach Viktor E. Frankl -Logotherapie und Existenzanalyse\u201c vorgesehen. Auf der Webseite sind auch noch 2 Online-Schnupperkurse am 30.05., am 15.06. und am 27.06. 2022 ausgeschrieben.&nbsp;<\/p>\n\n\n\n<p><strong>28. Jahrestagung &#8211; <\/strong>Teilname<strong> <\/strong>bei der<strong> SGLE und ILE  am Samstag 22. Oktober 2022 im Romerohaus, Luzern.  Thema:&nbsp; \u201e<\/strong>Im Miteinander Potentiale entfalten, wo Logotherapie&nbsp; und Neurobiologie sich die Hand reichen.\u201c Die Tagung wird gestaltet durch den Neurowissenschafter Jorge Cendales, Leiter der Schweizer Vertretung der vom bekannten Neurobiologen Gerald H\u00fcther gegr\u00fcndeten Akademie f\u00fcr Potentialentfaltung und seiner Frau Kathrin Harder, Arbeits- und Organisationspsychologin, Trainerin f\u00fcr Achtsamkeit in Organisationen, die dann leider verhindert war.<\/p>\n\n\n\n<p><strong>29. Jahrestagung der SGLE &amp; ILE fand am Samstag 21. Oktober 2023 im Romerohaus, Luzern statt.<\/strong>  &nbsp;Nach den Sommerferien weitere Infos: per E-Mail: <a href=\"https:\/\/www.logotherapie-bodensee.ch\/?page_id=193\" data-type=\"page\" data-id=\"193\"><strong>info@sgle.ch<\/strong> <\/a>oder<a href=\"http:\/\/www.logotherapie.ch\"> <strong>www.logotherapie.ch&nbsp;<\/strong><\/a><strong> oder <a href=\"http:\/\/www.sgle.ch\">www.sgle.ch&nbsp;&nbsp;<\/a>&nbsp;&nbsp;&nbsp;&nbsp;<\/strong><\/p>\n\n\n\n<p><strong>30.&nbsp;Jahrestagung  der SGLE &amp; ILE, <\/strong>Teilname am<strong> Samstag, 27. April 2024  im Romerohaus, Luzern.   Thema: &nbsp;<\/strong>&#8220;Ist schicksalhaftes&nbsp;Leid tats\u00e4chlich unab\u00e4nderlich?&nbsp;&nbsp;Der tragische Optimismus Viktor E. Frankls als Grundlage der M\u00f6glichkeit posttraumatischen Wachstums.&#8221; <strong>Referenten:&nbsp;<\/strong>&nbsp;<strong>Nadja Palombo <\/strong>und <strong>Dr. theol. habil. Janos Vik&nbsp;<\/strong>&nbsp;vom S\u00fcddeutschen Institut f\u00fcr LT &amp; EA in F\u00fcrstenfeldbruck. <strong>Tagungsablauf:<\/strong> 09.00Uhr bis 15.30 Uhr Referate und Gruppenarbeit. <strong>16.00 Uhr <\/strong>Generalversammlung der SGLE bis ca. 17.00 Uhr. <em>   <strong>Kosten:<\/strong>Tagung  und Mittagessen, CHF 75.00 f\u00fcr SGLE Mitglieder, CHF 100.00 f\u00fcr Nichtmitglieder.<\/em><\/p>\n\n\n\n<p style=\"font-size:16px\"><strong>31. Jahresversammlung fand am 11. M\u00e4rz 2025 <\/strong>mit einem Zoom-Link als Online GV um 19.00 Uhr statt, an der wir nicht teilnahmen.<\/p>\n\n\n\n<p style=\"font-size:16px\"><strong>Jubil\u00e4umstagung zum 120. Geburtstag von Viktor E. Frankl <\/strong>wurde von der <strong>SGLE &amp; ILE <\/strong> am <strong>Samstag, 12.April 2025 <\/strong>von 8.30 bis 18.00 Uhr im Freien Gymnasium Z\u00fcrich, Arbenzstrasse 19, 8008 Z\u00fcrich durchgef\u00fchrt. Ursula und Helmut Patzer-Uehli haben auch teilgenommen. Dieser Anlass unter dem <strong>Thema:<\/strong>  &#8220;Aufbruch ins Sinnvolle Viktor Frankl Erbe in Bewegung&#8221; das auch wir hiermit w\u00fcrdigen m\u00f6chten, fand mit mehr als 120 Teilnehmenden statt. Geboten wurden zwei Referate, sechs Workshops und eine unvergessliche Podiumsdiskussion, welche die Bedeutung von Frankls Gedankengut zum &#8220;Heiler-Werden&#8221; unserer gespannten Weltlage hat.<\/p>\n\n\n\n<p><strong>Einladung zur GV der SGLE, Samstag, 14. M\u00e4rz 2026 <\/strong>von 14.00 bis 17.00 Uhr im Kath. Pfarreizentrum St. Peter, Lerchenfeldstrasse 3, Wil ( SG ) in den neuen R\u00e4umlichkeiten des<strong> ILE<\/strong>. Nach der Generalversammlung findet um 15.45 eine Lesung mit Musik statt. <strong>Thema:<\/strong> &#8220;Zum Leben Ja sagen &#8211; Ermutigungen aus der Logotherapie von Viktor Frankl&#8221;. Diese Ausf\u00fchrung ist die <strong>Diplomarbeit von Natasha Hausamann<\/strong> . Gemeinsam mit zwei Mitwirkenden pr\u00e4sentiert sie ein Zusammenspiel von Text und Musik. Ein Werk, das bewegt, inspiriert und den Zuschauern mit Sicherheit in Erinnerung bleiben wird. Wir bitten um <strong>Anmeldung <\/strong>bis sp\u00e4testens Ende Februar 2026 an <strong>info@sgle.ch<\/strong><\/p>\n\n\n\n<p style=\"font-size:17px\"><strong>Einladung zur Jahrestagung  der SGLE &amp; ILE, Samstag, 2.Mai 2026<\/strong>   von 8.30 bis 18.00 Uhr im Kath. Pfarreizentrum St. Peter, Lerchenfeldstrasse 3, 9500 Wil (SG ). <strong>Thema: <\/strong>&#8220;Frieden trotz(t) Konflikten, Krisen, Katastrophen&#8221;. <strong>Impulsvortrag<\/strong> <strong>mit Prof. Alexander Batthyany,<\/strong> Workshops und   Publikumsdiskussion. Weitere Informationen unter <strong>info@sgle.ch <\/strong><\/p>\n\n\n\n<p><\/p>\n\n\n\n<div class=\"wp-block-buttons is-content-justification-center is-layout-flex wp-container-core-buttons-is-layout-16018d1d wp-block-buttons-is-layout-flex\">\n<div class=\"wp-block-button\"><a class=\"wp-block-button__link wp-element-button\" href=\"#neve_body\">Nach oben<\/a><\/div>\n<\/div>\n\n\n\n<p><\/p>\n","protected":false},"excerpt":{"rendered":"<p>Die 13. Generalversammlung der Schweizerischen Gesellschaft f\u00fcr Logotherapie und Existenzanalyse vom&nbsp; 28. Oktober 2006 wurde mit einem festlichen Rahmenprogramm zum 70. Geburtstag von Dr. Giosch Albrecht an seinem Geburtsort Rueun in der Surselva mit \u00fcber hundert Teilnehmern w\u00fcrdig gefeiert. Den Festvortrag hielt Herr lic. phil. Klaus Galler, Mitglied der Unternehmungsleitung \u201e Malik Zentrum St. Gallen&hellip;&nbsp;<a href=\"https:\/\/www.logotherapie-bodensee.ch\/?page_id=92\" class=\"\" rel=\"bookmark\">Weiterlesen &raquo;<span class=\"screen-reader-text\">Interdisziplin\u00e4re Fortbildung<\/span><\/a><\/p>\n","protected":false},"author":1,"featured_media":0,"parent":80,"menu_order":0,"comment_status":"closed","ping_status":"closed","template":"","meta":{"neve_meta_sidebar":"","neve_meta_container":"","neve_meta_enable_content_width":"","neve_meta_content_width":0,"neve_meta_title_alignment":"","neve_meta_author_avatar":"","neve_post_elements_order":"","neve_meta_disable_header":"","neve_meta_disable_footer":"","neve_meta_disable_title":"","footnotes":""},"class_list":["post-92","page","type-page","status-publish","hentry"],"_links":{"self":[{"href":"https:\/\/www.logotherapie-bodensee.ch\/index.php?rest_route=\/wp\/v2\/pages\/92","targetHints":{"allow":["GET"]}}],"collection":[{"href":"https:\/\/www.logotherapie-bodensee.ch\/index.php?rest_route=\/wp\/v2\/pages"}],"about":[{"href":"https:\/\/www.logotherapie-bodensee.ch\/index.php?rest_route=\/wp\/v2\/types\/page"}],"author":[{"embeddable":true,"href":"https:\/\/www.logotherapie-bodensee.ch\/index.php?rest_route=\/wp\/v2\/users\/1"}],"replies":[{"embeddable":true,"href":"https:\/\/www.logotherapie-bodensee.ch\/index.php?rest_route=%2Fwp%2Fv2%2Fcomments&post=92"}],"version-history":[{"count":32,"href":"https:\/\/www.logotherapie-bodensee.ch\/index.php?rest_route=\/wp\/v2\/pages\/92\/revisions"}],"predecessor-version":[{"id":1699,"href":"https:\/\/www.logotherapie-bodensee.ch\/index.php?rest_route=\/wp\/v2\/pages\/92\/revisions\/1699"}],"up":[{"embeddable":true,"href":"https:\/\/www.logotherapie-bodensee.ch\/index.php?rest_route=\/wp\/v2\/pages\/80"}],"wp:attachment":[{"href":"https:\/\/www.logotherapie-bodensee.ch\/index.php?rest_route=%2Fwp%2Fv2%2Fmedia&parent=92"}],"curies":[{"name":"wp","href":"https:\/\/api.w.org\/{rel}","templated":true}]}}